en 1148073 is divided by 1562?
3
What is the remainder when 881639589 is divided by 3421?
3416
What is the remainder when 4375 is divided by 700?
175
Calculate the remainder when 1144754 is divided by 1415.
19
Calculate the remainder when 1544728 is divided by 165.
163
Calculate the remainder when 3463330 is divided by 136.
90
What is the remainder when 26452945 is divided by 25?
20
Calculate the remainder when 19537 is divided by 3906.
7
What is the remainder when 3558656 is divided by 1186143?
227
Calculate the remainder when 785668 is divided by 644.
632
What is the remainder when 71340 is divided by 7731?
1761
What is the remainder when 699644 is divided by 116497?
662
What is the remainder when 1139093 is divided by 18?
17
Calculate the remainder when 8848512 is divided by 1207.
1202
What is the remainder when 250569165 is divided by 283129?
0
Calculate the remainder when 6671672 is divided by 199.
197
Calculate the remainder when 21088816 is divided by 7029579.
79
What is the remainder when 2129674 is divided by 932?
54
Calculate the remainder when 2215609 is divided by 369225.
259
Calculate the remainder when 1373919 is divided by 152.
143
What is the remainder when 8157209 is divided by 432?
185
What is the remainder when 86498542 is divided by 242?
240
What is the remainder when 1565303 is divided by 391228?
391
Calculate the remainder when 95361 is divided by 6784.
385
What is the remainder when 4592364 is divided by 957?
678
What is the remainder when 141041 is divided by 69648?
1745
Calculate the remainder when 25140451 is divided by 12570225.
1
Calculate the remainder when 994829 is divided by 493.
448
What is the remainder when 689 is divided by 595?
94
What is the remainder when 45129311 is divided by 1002873?
26
Calculate the remainder when 244932 is divided by 122443.
46
What is the remainder when 1295073 is divided by 161882?
17
Calculate the remainder when 13987 is divided by 4639.
70
Calculate the remainder when 39860174 is divided by 2675.
2674
What is the remainder when 891316227 is divided by 22?
21
Calculate the remainder when 52798 is divided by 25800.
1198
Calculate the remainder when 43226 is divided by 329.
127
Calculate the remainder when 99612 is divided by 252.
72
Calculate the remainder when 54829 is divided by 3207.
310
Calculate the remainder when 174360442 is divided by 7572.
7570
Calculate the remainder when 1874455 is divided by 56.
23
Calculate the remainder when 1774853 is divided by 3165.
2453
Calculate the remainder when 29024463 is divided by 11.
6
What is the remainder when 28791915 is divided by 127?
126
Calculate the remainder when 813549 is divided by 1892.
1881
Calculate the remainder when 169123 is divided by 44.
31
Calculate the remainder when 28604031 is divided by 174.
171
Calculate the remainder when 400349 is divided by 665.
19
What is the remainder when 83196 is divided by 8180?
1396
Calculate the remainder when 1891789 is divided by 161.
39
Calculate the remainder when 2576313 is divided by 429359.
159
Calculate the remainder when 61725245 is divided by 2469009.
20
What is the remainder when 18529 is divided by 261?
259
What is the remainder when 3972042 is divided by 63?
18
Calculate the remainder when 847282 is divided by 111.
19
Calculate the remainder when 57202330 is divided by 937743.
7
What is the remainder when 3199420 is divided by 16407?
55
What is the remainder when 3083269 is divided by 325?
319
What is the remainder when 568222 is divided by 189392?
46
Calculate the remainder when 127432 is divided by 1181.
1065
Calculate the remainder when 34033387 is divided by 1318.
1309
What is the remainder when 639258 is divided by 324?
6
What is the remainder when 11101 is divided by 3836?
3429
Calculate the remainder when 4102725 is divided by 4102717.
8
Calculate the remainder when 10900799 is divided by 60.
59
What is the remainder when 2430379 is divided by 1385?
1089
Calculate the remainder when 834604 is divided by 652.
44
What is the remainder when 30331670 is divided by 136?
134
What is the remainder when 7900283 is divided by 413?
6
Calculate the remainder when 1727888 is divided by 440.
8
Calculate the remainder when 794665 is divided by 50.
15
Calculate the remainder when 2849633 is divided by 22979.
237
What is the remainder when 3971577 is divided by 63039?
120
Calculate the remainder when 1819249 is divided by 606410.
19
Calculate the remainder when 808629 is divided by 6035.
5974
Calculate the remainder when 645305 is divided by 1434.
5
What is the remainder when 464238 is divided by 153930?
2448
Calculate the remainder when 78754 is divided by 2079.
1831
Calculate the remainder when 9353953 is divided by 17.
9
Calculate the remainder when 125024 is divided by 278.
202
Calculate the remainder when 3334752 is divided by 2267.
2262
What is the remainder when 4459214 is divided by 266?
256
What is the remainder when 10685816 is divided by 124?
116
Calculate the remainder when 1827862 is divided by 747.
700
What is the remainder when 1477215 is divided by 400?
15
Calculate the remainder when 48536 is divided by 4662.
1916
What is the remainder when 21177 is divided by 3015?
72
Calculate the remainder when 1736951 is divided by 115788.
131
Calculate the remainder when 1094662 is divided by 4678.
10
What is the remainder when 1435932 is divided by 4068?
3996
What is the remainder when 7994057 is divided by 331?
76
What is the remainder when 19522873 is divided by 314885?
3
What is the remainder when 1912953 is divided by 277?
268
Calculate the remainder when 663646 is divided by 167.
155
What is the remainder when 7146325 is divided by 1486?
151
Calculate the remainder when 28706865 is divided by 6.
3
Calculate the remainder when 60726950 is divided by 603.
26
Calculate the remainder when 513942 is divided by 2691.
2652
Calculate the remainder when 2688910 is divided by 6948.
34
What is the remainder when 452467 is divided by 34805?
2
Calculate the remainder when 1699607 is divided by 3769.
3557
Calculate the remainder when 14258645 is divided by 1003.
1000
Calculate the remainder when 873540 is divided by 237.
195
What is the remainder when 17927416 is divided by 23?
20
Calculate the remainder when 12304030 is divided by 4101343.
1
Calculate the remainder when 19308974 is divided by 878.
876
Calculate the remainder when 10590 is divided by 9867.
723
What is the remainder when 4786 is divided by 72?
34
Calculate the remainder when 15979217 is divided by 17.
16
What is the remainder when 97026 is divided by 438?
228
What is the remainder when 10729971 is divided by 1341245?
11
Calculate the remainder when 1486629 is divided by 318.
297
What is the remainder when 2931189 is divided by 952?
933
Calculate the remainder when 3855745 is divided by 349.
342
Calculate the remainder when 18478 is divided by 1363.
759
What is the remainder when 506132 is divided by 630?
242
Calculate the remainder when 741244425 is divided by 18.
15
Calculate the remainder when 13427472 is divided by 28.
16
What is the remainder when 4451813 is divided by 4451805?
8
Calculate the remainder when 439029 is divided by 280.
269
What is the remainder when 1255058574 is divided by 16?
14
Calculate the remainder when 2908508 is divided by 100293.
11
Calculate the remainder when 2794529 is divided by 627.
617
What is the remainder when 639677880 is divided by 13?
10
Calculate the remainder when 789778 is divided by 275.
253
What is the remainder when 68154834 is divided by 8519354?
2
Calculate the remainder when 23329423 is divided by 2592157.
10
Calculate the remainder when 2137690 is divided by 1447.
471
What is the remainder when 7304956 is divided by 50?
6
What is the remainder when 25825 is divided by 2582?
5
Calculate the remainder when 21643172 is divided by 206.
194
Calculate the remainder when 106634 is divided by 106293.
341
Calculate the remainder when 118166 is divided by 832.
22
What is the remainder when 104756 is divided by 1970?
346
Calculate the remainder when 3591999 is divided by 239458.
129
Calculate the remainder when 1943002 is divided by 11565.
82
What is the remainder when 1860492 is divided by 4080?
12
Calculate the remainder when 10897 is divided by 8803.
2094
What is the remainder